ors of 2432?
2, 19
List the prime factors of 11011.
7, 11, 13
What are the prime factors of 5550?
2, 3, 5, 37
List the prime factors of 233.
233
List the prime factors of 2351.
2351
List the prime factors of 12387.
3, 4129
List the prime factors of 76229.
31, 2459
List the prime factors of 29620.
2, 5, 1481
List the prime factors of 28485.
3, 5, 211
List the prime factors of 1209.
3, 13, 31
List the prime factors of 4726.
2, 17, 139
List the prime factors of 4639.
4639
What are the prime factors of 483?
3, 7, 23
List the prime factors of 6397.
6397
What are the prime factors of 64072?
2, 8009
List the prime factors of 517.
11, 47
What are the prime factors of 499?
499
What are the prime factors of 2433?
3, 811
List the prime factors of 2627.
37, 71
What are the prime factors of 5018?
2, 13, 193
List the prime factors of 440.
2, 5, 11
What are the prime factors of 5740?
2, 5, 7, 41
List the prime factors of 155459.
83, 1873
List the prime factors of 5621.
7, 11, 73
What are the prime factors of 30493?
30493
List the prime factors of 11408.
2, 23, 31
List the prime factors of 32703.
3, 11, 991
What are the prime factors of 5533?
11, 503
List the prime factors of 4729.
4729
List the prime factors of 14724.
2, 3, 409
What are the prime factors of 1824?
2, 3, 19
What are the prime factors of 9146?
2, 17, 269
List the prime factors of 741.
3, 13, 19
List the prime factors of 662.
2, 331
List the prime factors of 1586.
2, 13, 61
What are the prime factors of 10902?
2, 3, 23, 79
List the prime factors of 4379.
29, 151
What are the prime factors of 2206?
2, 1103
List the prime factors of 13130.
2, 5, 13, 101
What are the prime factors of 963?
3, 107
What are the prime factors of 2353?
13, 181
List the prime factors of 745.
5, 149
List the prime factors of 73047.
3, 13, 1873
List the prime factors of 4345.
5, 11, 79
What are the prime factors of 37292?
2, 9323
What are the prime factors of 29454?
2, 3, 4909
List the prime factors of 38634.
2, 3, 47, 137
What are the prime factors of 3696?
2, 3, 7, 11
What are the prime factors of 1948?
2, 487
List the prime factors of 776.
2, 97
List the prime factors of 20346.
2, 3, 3391
List the prime factors of 1174.
2, 587
What are the prime factors of 830?
2, 5, 83
List the prime factors of 5407.
5407
What are the prime factors of 2082?
2, 3, 347
What are the prime factors of 10387?
13, 17, 47
List the prime factors of 9484.
2, 2371
What are the prime factors of 1370?
2, 5, 137
List the prime factors of 3849.
3, 1283
What are the prime factors of 4686?
2, 3, 11, 71
List the prime factors of 15767.
15767
What are the prime factors of 212?
2, 53
List the prime factors of 108866.
2, 29, 1877
List the prime factors of 1012.
2, 11, 23
List the prime factors of 6256.
2, 17, 23
List the prime factors of 42786.
2, 3, 2377
List the prime factors of 1015.
5, 7, 29
List the prime factors of 24887.
41, 607
What are the prime factors of 58417?
58417
What are the prime factors of 13980?
2, 3, 5, 233
What are the prime factors of 2853?
3, 317
List the prime factors of 96540.
2, 3, 5, 1609
List the prime factors of 1140.
2, 3, 5, 19
List the prime factors of 5971.
7, 853
List the prime factors of 3192.
2, 3, 7, 19
What are the prime factors of 13488?
2, 3, 281
List the prime factors of 9637.
23, 419
List the prime factors of 9657.
3, 29, 37
What are the prime factors of 574?
2, 7, 41
What are the prime factors of 125?
5
List the prime factors of 232.
2, 29
What are the prime factors of 1834?
2, 7, 131
What are the prime factors of 106523?
37, 2879
List the prime factors of 21751.
21751
What are the prime factors of 1492?
2, 373
List the prime factors of 3214.
2, 1607
List the prime factors of 548.
2, 137
List the prime factors of 209873.
29, 7237
List the prime factors of 6640.
2, 5, 83
List the prime factors of 1919.
19, 101
What are the prime factors of 4910?
2, 5, 491
List the prime factors of 6103.
17, 359
What are the prime factors of 87959?
87959
List the prime factors of 357.
3, 7, 17
What are the prime factors of 10434?
2, 3, 37, 47
List the prime factors of 4084.
2, 1021
List the prime factors of 25445.
5, 7, 727
What are the prime factors of 1674?
2, 3, 31
What are the prime factors of 11766?
2, 3, 37, 53
List the prime factors of 46941.
3, 15647
List the prime factors of 93688.
2, 7, 239
List the prime factors of 90181.
7, 13, 991
What are the prime factors of 1667?
1667
List the prime factors of 777.
3, 7, 37
List the prime factors of 1133.
11, 103
What are the prime factors of 21813?
3, 11, 661
List the prime factors of 1228.
2, 307
List the prime factors of 45825.
3, 5, 13, 47
What are the prime factors of 11831?
11831
List the prime factors of 193743.
3, 11, 19, 103
What are the prime factors of 62693?
71, 883
What are the prime factors of 6283?
61, 103
What are the prime factors of 851?
23, 37
List the prime factors of 6432.
2, 3, 67
List the prime factors of 31102.
2, 15551
List the prime factors of 34100.
2, 5, 11, 31
What are the prime factors of 1920?
2, 3, 5
What are the prime factors of 805?
5, 7, 23
List the prime factors of 23210.
2, 5, 11, 211
What are the prime factors of 76196?
2, 43, 443
What are the prime factors of 4767?
3, 7, 227
List the prime factors of 1637.
1637
List the prime factors of 451.
11, 41
What are the prime factors of 50358?
2, 3, 7, 11, 109
What are the prime factors of 112?
2, 7
List the prime factors of 24161.
37, 653
List the prime factors of 3276.
2, 3, 7, 13
List the prime factors of 92682.
2, 3, 19, 271
List the prime factors of 3893.
17, 229
List the prime factors of 25242.
2, 3, 7, 601
What are the prime factors of 1130?
2, 5, 113
What are the prime factors of 27109?
27109
What are the prime factors of 3767?
3767
What are the prime factors of 1019?
1019
List the prime factors of 240.
2, 3, 5
What are the prime factors of 6090?
2, 3, 5, 7, 29
What are the prime factors of 82408?
2, 10301
List the prime factors of 1096.
2, 137
What are the prime factors of 850?
2, 5, 17
List the prime factors of 1581.
3, 17, 31
List the prime factors of 5132.
2, 1283
What are the prime factors of 5320?
2, 5, 7, 19
What are the prime factors of 22212?
2, 3, 617
What are the prime factors of 731?
17, 43
What are the prime factors of 2700?
2, 3, 5
List the prime factors of 3302.
2, 13, 127
List the prime factors of 40005.
3, 5, 7, 127
What are the prime factors of 3428?
2, 857
List the prime factors of 210.
2, 3, 5, 7
List the prime factors of 7156.
2, 1789
List the prime factors of 4544.
2, 71
What are the prime factors of 917?
7, 131
List the prime factors of 35858.
2, 17929
What are the prime factors of 15395?
5, 3079
What are the prime factors of 43881?
3, 14627
What are the prime factors of 68111?
68111
What are the prime factors of 1733?
1733
What are the prime factors of 15974?
2, 7, 163
What are the prime factors of 456?
2, 3, 19
List the prime factors of 138661.
138661
What are the prime factors of 7211?
7211
List the prime factors of 2289.
3, 7, 109
List the prime factors of 9718.
2, 43, 113
List the prime factors of 14183.
13, 1091
What are the prime factors of 11125?
5, 89
What are the prime factors of 87638?
2, 29, 1511
What are the prime factors of 5749?
5749
List the prime factors of 4901.
13, 29
What are the prime factors of 748?
2, 11, 17
List the prime factors of 6262.
2, 31, 101
List the prime factors of 21828.
2, 3, 17, 107
List the prime factors of 2915.
5, 11, 53
What are the prime factors of 54669?
3, 18223
What are the prime factors of 1561?
7, 223
List the prime factors of 33259.
79, 421
What are the prime factors of 12325?
5, 17, 29
What are the prime factors of 2808?
2, 3, 13
List the prime factors of 1363.
29, 47
What are the prime factors of 28544?
2, 223
What are the prime factors of 8003?
53, 151
What are the prime factors of 5140?
2, 5, 257
What are the prime factors of 145489?
73, 1993
What are the prime factors of 5825?
5, 233
List the prime factors of 63773.
63773
List the prime factors of 1733.
1733
List the prime factors of 17404.
2, 19, 229
List the prime factors of 2649.
3, 883
List the prime factors of 1229.
1229
List the prime factors of 6832.
2, 7, 61
List the prime factors of 4567.
4567
What are the prime factors of 1117?
1117
What are the prime facto